{"id":27,"date":"2020-07-10T16:21:20","date_gmt":"2020-07-10T14:21:20","guid":{"rendered":"http:\/\/novyweb.spzo.cz\/?page_id=27"},"modified":"2026-04-24T13:36:54","modified_gmt":"2026-04-24T11:36:54","slug":"vitejte","status":"publish","type":"page","link":"https:\/\/www.spzo.cz\/","title":{"rendered":"vitejte"},"content":{"rendered":"<p>[et_pb_section fb_built=&#8220;1&#8243; fullwidth=&#8220;on&#8220; admin_label=&#8220;uvodni stranka&#8220; _builder_version=&#8220;4.16&#8243; _module_preset=&#8220;default&#8220; background_enable_image=&#8220;off&#8220; global_colors_info=&#8220;{}&#8220;][et_pb_fullwidth_slider _builder_version=&#8220;4.27.6&#8243; _module_preset=&#8220;default&#8220; background_image=&#8220;https:\/\/www.spzo.cz\/wp-content\/uploads\/2020\/07\/panorama-benatky-m.jpg&#8220; z_index=&#8220;0&#8243; width=&#8220;100%&#8220; max_width=&#8220;100%&#8220; module_alignment=&#8220;center&#8220; content_width=&#8220;100%&#8220; min_height=&#8220;201px&#8220; height=&#8220;399px&#8220; max_height=&#8220;1000px&#8220; animation_style=&#8220;slide&#8220; animation_direction=&#8220;top&#8220; auto=&#8220;on&#8220; auto_speed=&#8220;6000&#8243; motion_trigger_start=&#8220;top&#8220; global_colors_info=&#8220;{}&#8220;][et_pb_slide heading=&#8220;Poln\u00ed k\u00e1z\u00e1n\u00ed 2026&#8243; button_text=&#8220;\u010c\u00edst v\u00edce&#8220; button_link=&#8220;@ET-DC@eyJkeW5hbWljIjp0cnVlLCJjb250ZW50IjoicG9zdF9saW5rX3VybF9wb3N0Iiwic2V0dGluZ3MiOnsicG9zdF9pZCI6IjQ1NTEifX0=@&#8220; image=&#8220;https:\/\/www.spzo.cz\/wp-content\/uploads\/2020\/07\/spzo-logo-icon-m.png&#8220; use_bg_overlay=&#8220;off&#8220; use_text_overlay=&#8220;off&#8220; _builder_version=&#8220;4.27.6&#8243; _dynamic_attributes=&#8220;button_link&#8220; _module_preset=&#8220;default&#8220; header_level=&#8220;h4&#8243; header_font=&#8220;|800|||||||&#8220; header_text_align=&#8220;left&#8220; header_font_size=&#8220;34px&#8220; header_line_height=&#8220;1.2em&#8220; background_color=&#8220;rgba(0,0,0,0)&#8220; background_enable_color=&#8220;on&#8220; custom_button=&#8220;on&#8220; button_text_color=&#8220;#ffffff&#8220; button_bg_color=&#8220;rgba(237,237,0,0.68)&#8220; button_font=&#8220;|800|||||||&#8220; button_use_icon=&#8220;off&#8220; button_alignment=&#8220;left&#8220; z_index=&#8220;0&#8243; width=&#8220;53%&#8220; max_width=&#8220;100%&#8220; border_width_all_image=&#8220;37px&#8220; border_color_all_image=&#8220;rgba(0,0,0,0)&#8220; border_width_right_image=&#8220;0px&#8220; border_width_left_image=&#8220;100px&#8220; button_text_shadow_style=&#8220;preset5&#8243; global_colors_info=&#8220;{}&#8220; sticky_transition=&#8220;on&#8220;][\/et_pb_slide][et_pb_slide heading=&#8220;V\u00fdsledky pokus\u016f POP SPZO 2025&#8243; button_text=&#8220;\u010c\u00edst v\u00edce&#8220; button_link=&#8220;@ET-DC@eyJkeW5hbWljIjp0cnVlLCJjb250ZW50IjoicG9zdF9saW5rX3VybF9wYWdlIiwic2V0dGluZ3MiOnsicG9zdF9pZCI6IjEyNTMifX0=@&#8220; image=&#8220;https:\/\/www.spzo.cz\/wp-content\/uploads\/2021\/07\/pokusy-do-banneru-2.png&#8220; use_bg_overlay=&#8220;off&#8220; use_text_overlay=&#8220;off&#8220; _builder_version=&#8220;4.27.4&#8243; _dynamic_attributes=&#8220;button_link&#8220; _module_preset=&#8220;default&#8220; header_level=&#8220;h4&#8243; header_font=&#8220;|800|||||||&#8220; header_text_align=&#8220;left&#8220; header_font_size=&#8220;34px&#8220; header_line_height=&#8220;1.2em&#8220; background_color=&#8220;rgba(0,0,0,0)&#8220; background_enable_color=&#8220;on&#8220; custom_button=&#8220;on&#8220; button_text_color=&#8220;#ffffff&#8220; button_bg_color=&#8220;rgba(237,237,0,0.68)&#8220; button_font=&#8220;|800|||||||&#8220; button_use_icon=&#8220;off&#8220; button_alignment=&#8220;left&#8220; z_index=&#8220;0&#8243; width=&#8220;53%&#8220; max_width=&#8220;100%&#8220; border_width_all_image=&#8220;37px&#8220; border_color_all_image=&#8220;rgba(0,0,0,0)&#8220; border_width_right_image=&#8220;0px&#8220; border_width_left_image=&#8220;100px&#8220; button_text_shadow_style=&#8220;preset5&#8243; global_colors_info=&#8220;{}&#8220; sticky_transition=&#8220;on&#8220;][\/et_pb_slide][et_pb_slide heading=&#8220;Vy\u0161lo Stanovisko k odr\u016fdov\u00e9 skladb\u011b \u0159epky pro rok 2026\/27&#8243; button_text=&#8220;St\u00e1hnout publikaci&#8220; button_link=&#8220;https:\/\/www.spzo.cz\/wp-content\/uploads\/2026\/04\/stanovisko-k-odrudam-26-f.pdf&#8220; image=&#8220;https:\/\/www.spzo.cz\/wp-content\/uploads\/2026\/04\/stanovisko-k-odrudam-26-obalka.jpg&#8220; use_bg_overlay=&#8220;off&#8220; use_text_overlay=&#8220;off&#8220; _builder_version=&#8220;4.27.6&#8243; _module_preset=&#8220;default&#8220; header_level=&#8220;h4&#8243; header_font=&#8220;|800|||||||&#8220; header_text_align=&#8220;left&#8220; header_font_size=&#8220;34px&#8220; header_line_height=&#8220;1.2em&#8220; background_color=&#8220;rgba(0,0,0,0)&#8220; background_enable_color=&#8220;on&#8220; custom_button=&#8220;on&#8220; button_text_color=&#8220;#ffffff&#8220; button_bg_color=&#8220;rgba(237,237,0,0.68)&#8220; button_font=&#8220;|800|||||||&#8220; button_use_icon=&#8220;off&#8220; button_alignment=&#8220;left&#8220; z_index=&#8220;0&#8243; width=&#8220;53%&#8220; max_width=&#8220;100%&#8220; border_width_all_image=&#8220;37px&#8220; border_color_all_image=&#8220;rgba(0,0,0,0)&#8220; border_width_right_image=&#8220;0px&#8220; border_width_left_image=&#8220;100px&#8220; button_text_shadow_style=&#8220;preset5&#8243; global_colors_info=&#8220;{}&#8220; sticky_transition=&#8220;on&#8220;][\/et_pb_slide][et_pb_slide heading=&#8220;Svaz p\u011bstitel\u016f a zpracovatel\u016f olejnin&#8220; button_text=&#8220;O n\u00e1s&#8220; button_link=&#8220;@ET-DC@eyJkeW5hbWljIjp0cnVlLCJjb250ZW50IjoicG9zdF9saW5rX3VybF9wYWdlIiwic2V0dGluZ3MiOnsicG9zdF9pZCI6IjQxIn19@&#8220; image=&#8220;https:\/\/www.spzo.cz\/wp-content\/uploads\/2020\/07\/spzo-logo-icon-m.png&#8220; use_bg_overlay=&#8220;off&#8220; use_text_overlay=&#8220;off&#8220; _builder_version=&#8220;4.16&#8243; _dynamic_attributes=&#8220;button_link&#8220; _module_preset=&#8220;default&#8220; header_level=&#8220;h4&#8243; header_font=&#8220;|800|||||||&#8220; header_text_align=&#8220;left&#8220; header_font_size=&#8220;34px&#8220; header_line_height=&#8220;1.2em&#8220; background_color=&#8220;rgba(0,0,0,0)&#8220; background_enable_color=&#8220;on&#8220; custom_button=&#8220;on&#8220; button_text_color=&#8220;#ffffff&#8220; button_bg_color=&#8220;rgba(237,237,0,0.68)&#8220; button_font=&#8220;|800|||||||&#8220; button_use_icon=&#8220;off&#8220; button_alignment=&#8220;left&#8220; z_index=&#8220;0&#8243; width=&#8220;53%&#8220; max_width=&#8220;100%&#8220; border_width_all_image=&#8220;37px&#8220; border_color_all_image=&#8220;rgba(0,0,0,0)&#8220; border_width_right_image=&#8220;0px&#8220; border_width_left_image=&#8220;100px&#8220; button_text_shadow_style=&#8220;preset5&#8243; global_colors_info=&#8220;{}&#8220; sticky_transition=&#8220;on&#8220;][\/et_pb_slide][et_pb_slide heading=&#8220;\u00dasp\u011bch na Rapsm\u00e4staren 2020  &#8220; button_text=&#8220;\u010c\u00edst v\u00edce&#8220; button_link=&#8220;?p=1033&#8243; image=&#8220;https:\/\/www.spzo.cz\/wp-content\/uploads\/2021\/03\/1a2.png&#8220; use_bg_overlay=&#8220;off&#8220; use_text_overlay=&#8220;off&#8220; _builder_version=&#8220;4.16&#8243; _module_preset=&#8220;default&#8220; header_level=&#8220;h4&#8243; header_font=&#8220;|800|||||||&#8220; header_text_align=&#8220;left&#8220; header_font_size=&#8220;34px&#8220; header_line_height=&#8220;1.2em&#8220; background_color=&#8220;rgba(0,0,0,0)&#8220; background_enable_color=&#8220;on&#8220; custom_button=&#8220;on&#8220; button_text_color=&#8220;#ffffff&#8220; button_bg_color=&#8220;rgba(237,237,0,0.68)&#8220; button_font=&#8220;|800|||||||&#8220; button_use_icon=&#8220;off&#8220; button_alignment=&#8220;left&#8220; z_index=&#8220;0&#8243; width=&#8220;53%&#8220; max_width=&#8220;100%&#8220; border_width_all_image=&#8220;37px&#8220; border_color_all_image=&#8220;rgba(0,0,0,0)&#8220; border_width_right_image=&#8220;0px&#8220; border_width_left_image=&#8220;100px&#8220; button_text_shadow_style=&#8220;preset5&#8243; global_colors_info=&#8220;{}&#8220; sticky_transition=&#8220;on&#8220;][\/et_pb_slide][\/et_pb_fullwidth_slider][\/et_pb_section][et_pb_section fb_built=&#8220;1&#8243; _builder_version=&#8220;4.16&#8243; _module_preset=&#8220;default&#8220; background_color=&#8220;#ffefd1&#8243; custom_padding=&#8220;3px||6px|||&#8220; global_colors_info=&#8220;{}&#8220;][et_pb_row column_structure=&#8220;1_3,1_3,1_3&#8243; disabled_on=&#8220;on|on|on&#8220; _builder_version=&#8220;4.27.4&#8243; _module_preset=&#8220;default&#8220; custom_padding=&#8220;||2px|||&#8220; disabled=&#8220;on&#8220; global_colors_info=&#8220;{}&#8220;][et_pb_column type=&#8220;1_3&#8243; _builder_version=&#8220;4.16&#8243; _module_preset=&#8220;default&#8220; global_colors_info=&#8220;{}&#8220;][et_pb_image src=&#8220;https:\/\/www.spzo.cz\/wp-content\/uploads\/2024\/07\/tlacitko-aktualita-pop-24.png&#8220; alt=&#8220;Jarni Seminare&#8220; title_text=&#8220;Tlacitko Aktualita Pop 24&#8243; url=&#8220;@ET-DC@eyJkeW5hbWljIjp0cnVlLCJjb250ZW50IjoicG9zdF9saW5rX3VybF9wYWdlIiwic2V0dGluZ3MiOnsicG9zdF9pZCI6IjEyNTMifX0=@&#8220; _builder_version=&#8220;4.25.2&#8243; _dynamic_attributes=&#8220;url&#8220; _module_preset=&#8220;default&#8220; width=&#8220;95%&#8220; max_width=&#8220;100%&#8220; custom_padding=&#8220;0px||15px|||&#8220; animation_style=&#8220;roll&#8220; global_colors_info=&#8220;{}&#8220;][\/et_pb_image][\/et_pb_column][et_pb_column type=&#8220;1_3&#8243; _builder_version=&#8220;4.16&#8243; _module_preset=&#8220;default&#8220; global_colors_info=&#8220;{}&#8220;][et_pb_image src=&#8220;https:\/\/www.spzo.cz\/wp-content\/uploads\/2021\/01\/olej-nad-zlato.png&#8220; title_text=&#8220;Olej Nad Zlato&#8220; url=&#8220;http:\/\/www.olejnadzlato.cz&#8220; _builder_version=&#8220;4.16&#8243; _module_preset=&#8220;default&#8220; width=&#8220;95%&#8220; max_width=&#8220;100%&#8220; custom_padding=&#8220;0px||15px|||&#8220; animation_style=&#8220;roll&#8220; global_colors_info=&#8220;{}&#8220;][\/et_pb_image][\/et_pb_column][et_pb_column type=&#8220;1_3&#8243; _builder_version=&#8220;4.16&#8243; _module_preset=&#8220;default&#8220; global_colors_info=&#8220;{}&#8220;][et_pb_image src=&#8220;https:\/\/www.spzo.cz\/wp-content\/uploads\/2021\/01\/myty.png&#8220; title_text=&#8220;Myty&#8220; url=&#8220;http:\/\/www.mytyoolejich.cz&#8220; _builder_version=&#8220;4.16&#8243; _module_preset=&#8220;default&#8220; width=&#8220;95%&#8220; max_width=&#8220;100%&#8220; custom_padding=&#8220;0px||15px|||&#8220; animation_style=&#8220;roll&#8220; global_colors_info=&#8220;{}&#8220;][\/et_pb_image][\/et_pb_column][\/et_pb_row][et_pb_row column_structure=&#8220;1_4,1_4,1_4,1_4&#8243; disabled_on=&#8220;off|off|off&#8220; _builder_version=&#8220;4.27.4&#8243; _module_preset=&#8220;default&#8220; global_colors_info=&#8220;{}&#8220;][et_pb_column type=&#8220;1_4&#8243; _builder_version=&#8220;4.16&#8243; _module_preset=&#8220;default&#8220; global_colors_info=&#8220;{}&#8220;][et_pb_image src=&#8220;https:\/\/www.spzo.cz\/wp-content\/uploads\/2025\/07\/tlacitko-aktualita-pop-25.png&#8220; alt=&#8220;Jarni Seminare&#8220; title_text=&#8220;tlacitko-aktualita-pop-25&#8243; url=&#8220;@ET-DC@eyJkeW5hbWljIjp0cnVlLCJjb250ZW50IjoicG9zdF9saW5rX3VybF9wYWdlIiwic2V0dGluZ3MiOnsicG9zdF9pZCI6IjEyNTMifX0=@&#8220; _builder_version=&#8220;4.27.4&#8243; _dynamic_attributes=&#8220;url&#8220; _module_preset=&#8220;default&#8220; width=&#8220;95%&#8220; max_width=&#8220;100%&#8220; custom_padding=&#8220;0px||15px|||&#8220; animation_style=&#8220;roll&#8220; global_colors_info=&#8220;{}&#8220;][\/et_pb_image][\/et_pb_column][et_pb_column type=&#8220;1_4&#8243; _builder_version=&#8220;4.16&#8243; _module_preset=&#8220;default&#8220; global_colors_info=&#8220;{}&#8220;][et_pb_image src=&#8220;https:\/\/www.spzo.cz\/wp-content\/uploads\/2021\/01\/olej-nad-zlato.png&#8220; title_text=&#8220;Olej Nad Zlato&#8220; url=&#8220;http:\/\/www.olejnadzlato.cz&#8220; _builder_version=&#8220;4.16&#8243; _module_preset=&#8220;default&#8220; width=&#8220;95%&#8220; max_width=&#8220;100%&#8220; custom_padding=&#8220;0px||15px|||&#8220; animation_style=&#8220;roll&#8220; global_colors_info=&#8220;{}&#8220;][\/et_pb_image][\/et_pb_column][et_pb_column type=&#8220;1_4&#8243; _builder_version=&#8220;4.16&#8243; _module_preset=&#8220;default&#8220; global_colors_info=&#8220;{}&#8220;][et_pb_image src=&#8220;https:\/\/www.spzo.cz\/wp-content\/uploads\/2021\/01\/myty.png&#8220; title_text=&#8220;Myty&#8220; url=&#8220;http:\/\/www.mytyoolejich.cz&#8220; _builder_version=&#8220;4.16&#8243; _module_preset=&#8220;default&#8220; width=&#8220;95%&#8220; max_width=&#8220;100%&#8220; custom_padding=&#8220;0px||15px|||&#8220; animation_style=&#8220;roll&#8220; global_colors_info=&#8220;{}&#8220;][\/et_pb_image][\/et_pb_column][et_pb_column type=&#8220;1_4&#8243; _builder_version=&#8220;4.16&#8243; _module_preset=&#8220;default&#8220; global_colors_info=&#8220;{}&#8220;][et_pb_image src=&#8220;https:\/\/www.spzo.cz\/wp-content\/uploads\/2025\/03\/tlacitko-projekty-1.png&#8220; title_text=&#8220;tlacitko-projekty-1&#8243; url=&#8220;@ET-DC@eyJkeW5hbWljIjp0cnVlLCJjb250ZW50IjoicG9zdF9saW5rX3VybF9wYWdlIiwic2V0dGluZ3MiOnsicG9zdF9pZCI6IjQwNTEifX0=@&#8220; _builder_version=&#8220;4.27.4&#8243; _dynamic_attributes=&#8220;url&#8220; _module_preset=&#8220;default&#8220; width=&#8220;95%&#8220; max_width=&#8220;100%&#8220; custom_padding=&#8220;0px||15px|||&#8220; animation_style=&#8220;roll&#8220; global_colors_info=&#8220;{}&#8220;][\/et_pb_image][\/et_pb_column][\/et_pb_row][\/et_pb_section][et_pb_section fb_built=&#8220;1&#8243; _builder_version=&#8220;4.16&#8243; _module_preset=&#8220;default&#8220; background_color=&#8220;#ffefd1&#8243; custom_padding=&#8220;12px|||||&#8220; global_colors_info=&#8220;{}&#8220;][et_pb_row column_structure=&#8220;3_4,1_4&#8243; _builder_version=&#8220;4.16&#8243; _module_preset=&#8220;default&#8220; background_color=&#8220;#ffefd1&#8243; global_colors_info=&#8220;{}&#8220;][et_pb_column type=&#8220;3_4&#8243; _builder_version=&#8220;4.16&#8243; _module_preset=&#8220;default&#8220; global_colors_info=&#8220;{}&#8220;][et_pb_blog include_categories=&#8220;72&#8243; show_thumbnail=&#8220;off&#8220; show_more=&#8220;on&#8220; show_author=&#8220;off&#8220; show_date=&#8220;off&#8220; show_categories=&#8220;off&#8220; show_pagination=&#8220;off&#8220; _builder_version=&#8220;4.27.5&#8243; _module_preset=&#8220;default&#8220; header_font=&#8220;|700|||||||&#8220; header_text_color=&#8220;#299319&#8243; global_colors_info=&#8220;{}&#8220;][\/et_pb_blog][\/et_pb_column][et_pb_column type=&#8220;1_4&#8243; _builder_version=&#8220;4.16&#8243; _module_preset=&#8220;default&#8220; global_colors_info=&#8220;{}&#8220;][et_pb_image src=&#8220;https:\/\/www.spzo.cz\/wp-content\/uploads\/2026\/04\/stanovisko-k-odrudam-26-obalka.jpg&#8220; title_text=&#8220;Stanovisko K Odrudam 26 Obalka&#8220; url=&#8220;https:\/\/www.spzo.cz\/wp-content\/uploads\/2026\/04\/stanovisko-k-odrudam-26-ff.pdf&#8220; _builder_version=&#8220;4.27.6&#8243; _module_preset=&#8220;default&#8220; animation_style=&#8220;slide&#8220; animation_direction=&#8220;right&#8220; global_colors_info=&#8220;{}&#8220;][\/et_pb_image][et_pb_image src=&#8220;https:\/\/www.spzo.cz\/wp-content\/uploads\/2020\/12\/myty-a-fakta-repka-1.jpg&#8220; title_text=&#8220;Myty A Fakta Repka 1&#8243; url=&#8220;https:\/\/www.spzo.cz\/wp-content\/uploads\/2026\/04\/myty-a-fakta-repka.pdf&#8220; _builder_version=&#8220;4.27.6&#8243; _module_preset=&#8220;default&#8220; animation_style=&#8220;slide&#8220; animation_direction=&#8220;right&#8220; global_colors_info=&#8220;{}&#8220;][\/et_pb_image][et_pb_image src=&#8220;https:\/\/www.spzo.cz\/wp-content\/uploads\/2020\/12\/vyznejme-se-v-tucich-1.jpg&#8220; title_text=&#8220;Vyznejme Se V Tucich 1&#8243; url=&#8220;https:\/\/www.spzo.cz\/wp-content\/uploads\/2026\/04\/vyznejme-se-v-tucich-web.pdf&#8220; _builder_version=&#8220;4.27.6&#8243; _module_preset=&#8220;default&#8220; animation_style=&#8220;slide&#8220; animation_direction=&#8220;right&#8220; global_colors_info=&#8220;{}&#8220;][\/et_pb_image][et_pb_image src=&#8220;https:\/\/www.spzo.cz\/wp-content\/uploads\/2020\/12\/skudci_a_choroby_repky-1.jpg&#8220; title_text=&#8220;Skudci A Choroby Repky 1&#8243; _builder_version=&#8220;4.27.6&#8243; _module_preset=&#8220;default&#8220; animation_style=&#8220;slide&#8220; animation_direction=&#8220;right&#8220; hover_enabled=&#8220;0&#8243; global_colors_info=&#8220;{}&#8220; url=&#8220;https:\/\/www.spzo.cz\/wp-content\/uploads\/2026\/04\/atlas-skudcu-A5-2023-f-web.pdf&#8220; sticky_enabled=&#8220;0&#8243;][\/et_pb_image][et_pb_image src=&#8220;https:\/\/www.spzo.cz\/wp-content\/uploads\/2026\/04\/obalka-repka-web-1-scaled.jpg&#8220; title_text=&#8220;Obalka Repka Web 1&#8243; url=&#8220;https:\/\/www.spzo.cz\/wp-content\/uploads\/2026\/04\/Stanovisko-repka_2026-nahled.pdf&#8220; _builder_version=&#8220;4.27.6&#8243; _module_preset=&#8220;default&#8220; hover_enabled=&#8220;0&#8243; global_colors_info=&#8220;{}&#8220; sticky_enabled=&#8220;0&#8243;][\/et_pb_image][\/et_pb_column][\/et_pb_row][\/et_pb_section]<\/p>\n","protected":false},"excerpt":{"rendered":"","protected":false},"author":1,"featured_media":0,"parent":0,"menu_order":0,"comment_status":"closed","ping_status":"closed","template":"","meta":{"_et_pb_use_builder":"on","_et_pb_old_content":"","_et_gb_content_width":"","footnotes":""},"class_list":["post-27","page","type-page","status-publish","hentry"],"_links":{"self":[{"href":"https:\/\/www.spzo.cz\/index.php?rest_route=\/wp\/v2\/pages\/27","targetHints":{"allow":["GET"]}}],"collection":[{"href":"https:\/\/www.spzo.cz\/index.php?rest_route=\/wp\/v2\/pages"}],"about":[{"href":"https:\/\/www.spzo.cz\/index.php?rest_route=\/wp\/v2\/types\/page"}],"author":[{"embeddable":true,"href":"https:\/\/www.spzo.cz\/index.php?rest_route=\/wp\/v2\/users\/1"}],"replies":[{"embeddable":true,"href":"https:\/\/www.spzo.cz\/index.php?rest_route=%2Fwp%2Fv2%2Fcomments&post=27"}],"version-history":[{"count":144,"href":"https:\/\/www.spzo.cz\/index.php?rest_route=\/wp\/v2\/pages\/27\/revisions"}],"predecessor-version":[{"id":4669,"href":"https:\/\/www.spzo.cz\/index.php?rest_route=\/wp\/v2\/pages\/27\/revisions\/4669"}],"wp:attachment":[{"href":"https:\/\/www.spzo.cz\/index.php?rest_route=%2Fwp%2Fv2%2Fmedia&parent=27"}],"curies":[{"name":"wp","href":"https:\/\/api.w.org\/{rel}","templated":true}]}}